*l**2 - 15 - 25*l**3 + 17*l. Is u(-9) prime?
False
Let n(b) = 2*b**3 - 27*b**2 + 36*b + 10. Let f be n(19). Let z = f - 2132. Is z a composite number?
True
Is (-48054)/15*(-5 + 252/(-24) + -12) prime?
False
Let v be (-1 + -2)*5/(-3). Suppose 0 = v*r + 3*h - 2*h - 11332, 15 = -5*h. Is r prime?
True
Let i = -1371 - -2426. Let a be i + (1/6 - 20/(-24)). Suppose f - 3*u - a = 2*u, 4246 = 4*f + 2*u. Is f a prime number?
True
Suppose 13 = -45*u + 44*u + 4*b, 0 = u - 3*b + 9. Suppose 5*l - 29290 - 3049 = -u*w, 0 = w + 2. Is l composite?
False
Suppose 0 = 3*a + w - 70104 - 38960, -20 = -4*w. Is a prime?
True
Suppose 21378 = -18*v + 238260. Suppose 18*a = 13133 + v. Is a a prime number?
True
Suppose 3*o + 320 = 13*o. Let m(h) = h**3 - h**2 + h + 82. Let v be m(0). Suppose -2*d + o + v = 0. Is d prime?
False
Suppose -6810854 = -235*w + 7188089 - 2864408. Is w prime?
True
Suppose -i + 0*j - 352 = -j, -4*i - 3*j = 1422. Let c = 1602 - 909. Let f = c + i. Is f a composite number?
True
Let z(f) = 9499*f - 2833. Is z(24) a composite number?
False
Let a(m) = m - 356. Let r be a(0). Let w = -1630 + r. Let q = -1117 - w. Is q a composite number?
True
Is (1 + (-74499)/(-24))*8 prime?
True
Let n(h) = -h**2 + h + 59. Let f be n(-6). Suppose -20530 = -27*q + f*q. Is q composite?
False
Suppose 5*p - 29 - 16 = 0. Suppose -4*k = -p*k - 275. Let b = k - -512. Is b composite?
False
Let a(b) = -15*b + 13. Let h be a(3). Let i = -34 - h. Let v(q) = -225*q**3 + 2*q**2 + q + 1. Is v(i) a composite number?
True
Let h = 24 + -19. Let y be 3/((-18)/14414)*(h + -2). Let n = -2942 - y. Is n a prime number?
False
Is 942546/18 + 88/(-33) a composite number?
False
Let g = 63197 + 17580. Is g a composite number?
False
Suppose 84*n - 136*n + 1105629 = -2113847. Is n a composite number?
True
Let g be 2 + (6/(-7))/((-15)/105). Suppose -g*s + 2*r = -3*s - 18451, 3*s + 5*r - 11083 = 0. Is s composite?
False
Suppose 2*g = 2*z - 28, 5*z - 3*z - 4*g = 38. Let w(y) = -2*y + 23. Let c be w(z). Suppose 236 = -a + c*a + 3*d, 0 = d. Is a composite?
False
Let a = -8434 + 17973. Let s = a - 5548. Is s prime?
False
Suppose 2*c + 6396 = a, -8*a + 4*a + 25584 = c. Let q = a + -10703. Is q/(-15) + 22/(-165) composite?
True
Suppose -5*g = 4*k - 3 - 16, -5*k + 8 = g. Suppose -3*a - 720 = -2*j + 733, 2187 = g*j - 3*a. Suppose -8*p - j = -7302. Is p composite?
False
Let c = 24723 - 17374. Is c a prime number?
True
Suppose -18*r + 5 = -67. Is 0 + 23786*(-2)/((-16)/r) a prime number?
False
Suppose -x - 142 = -12*x - 76. Let p(m) = 121*m**2 - 2 - m**2 - 3 - 8*m. Is p(x) a composite number?
True
Let w = 61 + -52. Suppose w*m + 4059 = 10935. Is -3*(m/(-6) - 4) a composite number?
True
Let m(c) = -412*c**3 + 37*c**2 + 190*c + 7. Is m(-6) composite?
True
Let d(o) be the third derivative of -97/12*o**4 + 0*o - 17/6*o**3 + 0 - 13*o**2. Is d(-3) a composite number?
True
Let g(y) = 2331*y**2 + 53*y + 27. Is g(6) composite?
True
Let f = 1128654 + 271208. Is f a prime number?
False
Let s = -35008 + 52173. Is s a composite number?
True
Suppose -2*o + 968500 - 322431 = -3*i, 4*o - 3*i - 1292123 = 0. Is o composite?
False
Let o(x) = -69*x**3 - x**2 - 7. Let y(t) = -t**3 - 6*t**2 - 7*t - 5. Let f be y(-5). Let r be o(f). Let b = -4338 - r. Is b a composite number?
True
Suppose 0 = 5*n + 6*n - 231880. Suppose -3357 = -7*q + n. Is q a prime number?
True
Suppose 13154 = 4*h + 5318. Let p = 3012 + -1738. Let z = h - p. Is z a prime number?
False
Suppose -2*u - 31 + 17 = -5*k, 0 = 5*k - 5*u - 5. Suppose 0 = t, -k*d + 11068 = -2*t - t. Is d a prime number?
True
Suppose -10*n + 295960 = 18*n. Let f = 18561 - n. Is f a composite number?
True
Let f(a) be the first derivative of a**6/120 - 7*a**5/60 + a**4/6 - 5*a**3/6 + 3*a**2 - 18. Let s(i) be the second derivative of f(i). Is s(7) prime?
True
Suppose 219*y - 4170 = 214*y. Let t = 415 + y. Is t a prime number?
True
Let x be 4/(-18) + (-2226)/189. Is -3203*((-2)/(-4) - x/(-8)) composite?
False
Let a(r) = 3*r**3 + 7*r**2 - 7*r - 1. Let c be a(-3). Suppose c*w = -159 + 1829. Is w prime?
False
Let b(u) = 75*u**2 - 5*u + 10. Suppose 0 = -2*n - 4*n + 30. Let d be b(n). Let l = d - 173. Is l a composite number?
True
Let c(u) = 15260*u**2 - 67*u - 429. Is c(-8) a prime number?
False
Let d(a) = 9128*a**2 + 10*a + 17. Is d(-3) a composite number?
False
Suppose 33*n + 64 = 49*n. Suppose d - 11659 = -4*d - 2*t, 0 = -n*d - t + 9329. Is d a prime number?
True
Let n = -111151 - -270878. Is n composite?
True
Let h = 546 + 6775. Is h a composite number?
False
Let c = 150585 + -89966. Is c a prime number?
False
Let n = 664528 - 399449. Is n a composite number?
False
Let h(z) = -z - 4739. Let v be (-69)/(-15) + -5 - 4/(-10). Let g be h(v). Let p = -3258 - g. Is p composite?
False
Let l = 126272 - 73911. Is l prime?
True
Suppose 0 = 5*i + 2*j - 33353, 13376 = 2*i + 19*j - 24*j. Is i composite?
False
Suppose 76*b = 85*b - 1146807. Is b a prime number?
True
Let f be 40/10 - (-644)/(-1). Let g = 1479 + f. Is g composite?
False
Let b(d) = d**2 + 18*d + 4. Let n be b(-9). Let f = n + 75. Is (-10)/(540/(-45297)) + f/(-12) prime?
True
Suppose -2*s = -13*d + 11*d - 584068, 0 = s + d - 292032. Is s a prime number?
False
Suppose j - 45 = -2*j. Let b = -1665 - -1661. Is 3125/j + b/(-6) a prime number?
False
Let s(m) be the first derivative of -19*m**2 - 83*m + 37. Is s(-6) a composite number?
True
Suppose r - 1 = i, 0*i = 3*i + 4*r - 32. Suppose 0 = -i*s - 23 - 37. Is ((-2293)/s - -2) + (-10)/(-75) composite?
True
Suppose a - 14350 = -2*h - 3305, -2*h - 33103 = -3*a. Let j = a - 6911. Suppose -j = -3*u + 845. Is u a composite number?
False
Suppose 5*n + 18572 - 60667 = 0. Suppose -10*y + n = -9*y. Is y a composite number?
False
Let y be (-2 + (-14)/(-4))/((-9)/(-48)). Suppose -y*s + s + 26929 = 0. Is s a prime number?
True
Let b be (-34113)/166*(-3)/(3/4). Let m = -211 + b. Is m prime?
False
Let q = 194066 - 420311. Is (-5)/30 + q/(-18) a composite number?
False
Let l(u) = -2583*u + 803. Is l(-30) prime?
False
Let t = 124 - 76. Let w be ((-6)/(-12))/(4/t). Suppose w*x = x + 6575. Is x composite?
True
Let r = -2659287 + 5203168. Is r a composite number?
True
Let c(h) be the first derivative of 0*h**2 - 2*h - 21 + 100/3*h**3. Is c(5) a prime number?
False
Let d(l) = 67*l - 108. Let i(f) = -68*f + 105. Let k(n) = -2*d(n) - 3*i(n). Is k(7) composite?
True
Let m = 22970 + -7567. Is m a prime number?
False
Suppose 3*g - 12033 = -4*b + 29547, 3*g - 41565 = b. Let x = 23721 - g. Is x composite?
True
Let t = 27 + -22. Let x(j) = -j**3 + 5*j**2 + 2*j - 7. Let v be x(t). Suppose -z + 1508 = v*z. Is z a composite number?
True
Let l = 65682 + 25807. Is l a composite number?
True
Suppose 4*g + 7456 = -b, g + 5*b + 1843 = 10*b. Let w = -1330 - g. Suppose v + 268 - w = 0. Is v a composite number?
True
Suppose 0 = -11*l + 8*l - 12258. Let s = l - -6859. Is s prime?
False
Let t = 5463 - 3365. Suppose 5*c - t - 7707 = 0. Is c composite?
True
Suppose -2*l = -2*s + 11224, -4*l + 5*s - 14682 - 7768 = 0. Let v = -3877 - l. Is v composite?
False
Suppose 0 = 7*s + 3*d - 202355, 27*d - 23*d = -4*s + 115636. Is s a prime number?
False
Is (-342)/570 + 1096/(-3)*(-9795)/25 a composite number?
False
Suppose -123*c + 44*c - 1234161 + 13220752 = 0. Is c a prime number?
True
Suppose -59889 = -8*x - 3777. Let s = x - 4861. Is s prime?
True
Let g(y) = 3*y**2 + 21*y - 24. Let j be g(-8). Let f(o) = 4*o**2 + o + 3. Let k be f(4). Let i = k - j. Is i a composite number?
False
Suppose 534*s - 511079337 + 116155586 = 329387975. Is s a prime number?
True
Let g = 18598 - -113841. Is g a prime number?
True
Let c(v) be the first derivative of -3*v**4/2 - 5*v**3/3 - 5*v**2/2 - 11*v - 4. Is c(-7) prime?
False
Suppose 3*m - 25 = 4*d, -3*m - 5*d = 3 + 8. Suppose m*y - c = -6*c + 4603, 4*c - 3066 = -2*y. Is y a prime number?
False
Let r = -1141 - -388. Suppose 1699 = -11*f - 6617. Is (-3)/(1 - f/r) a composite number?
True
Suppose -5*l + 15 = -2*l + 3*o, -l - 3*o = -9. Let x be 1 - 4 - (-2790 - l). Suppose 514 = 8*g - x. Is g composite?
True
Let c be 6/((-4)/22 + (-30)/(-44)). Suppose 2*s = c*s - 20. Is 3 - 1 - (-2018 + s) composite?
True
Let c be 392310/42 - (-5 + (-132)/(-28)). Suppose -2569 = 4*b - m - c, 0 = 4*m. Is b prime?
True
Let s(j) = j**3 + 1